Determine h(k).
3
Let l(m) = -m**2 + 20*m + 41. Let o be l(22). Let p(c) = c**3 + 3*c**2 - 2*c + 4. What is p(o)?
10
Suppose -4*g = -5*c + 10, -4*c + 8 = -g + 3*g. Let o(s) = -4*s**3 + 3*s**2 + 1 + 3*s**3 + c*s**3 - 3*s. Let m = -324 + 321. Calculate o(m).
10
Suppose -2*i = -i. Suppose i*d + 2*d = -2. Let u(k) = 2*k - 2 + 2 - 1. Determine u(d).
-3
Let r be 2*(0/(-1) + -1). Let c be 21/(-6) - r/(-4). Let s(d) = d**2 + 6*d + 4. Determine s(c).
-4
Let u(g) be the first derivative of g**3/3 - 2*g**2 - g - 19. Suppose 3*b - m - 15 = 0, 3*b = b - 5*m - 7. What is u(b)?
-1
Suppose -2*x - j = -5 - 5, 3*j + 2 = 2*x. Let z(y) be the first derivative of -y - y**3 - 1 + 1/4*y**x + 1/2*y**2. What is z(3)?
2
Let a(w) = 5*w - 3*w + w**2 - 2 + 3*w. Suppose 3*t = 2*t + 17. Suppose n = 3*m + 17, 2*m + t = -3*m - 4*n. Determine a(m).
-2
Let u(j) = -j**2 - 3*j - 1. Suppose -3 = 3*d + 9. Calculate u(d).
-5
Let i(p) = -3*p**3 + p**2 - 1. Let y be 1*((-2 - 0) + 3). Suppose -5*f = d - y, 2*d + 6*f - f = 2. Give i(d).
-3
Suppose 7 - 28 = -3*s. Let g = 5 - s. Let o(v) = -2*v**2 - 2*v - 2. What is o(g)?
-6
Let q(f) = f + 1. Let j(m) = -3*m - 2. Let w(c) = j(c) + 4*q(c). Let a = 2 - 3. Calculate w(a).
1
Let j(z) = -z + 1. Suppose -4 = 7*f - 8*f. Suppose -b + f = -2. What is j(b)?
-5
Let u = 6 - 11. Let v = -3 - u. Suppose -v*t - 3*t + 10 = 0. Let k(f) = -f**3 + 4*f**2 - 2*f + 3. Calculate k(t).
7
Let z(f) be the first derivative of f**7/840 + f**6/360 + f**5/120 + 5*f**4/8 + 2*f**3/3 - 2. Let a(k) be the third derivative of z(k). What is a(0)?
15
Let l(c) = -c - 9. Let b be (-3)/2*(-6)/3. Suppose -b*q - 3 = 0, 0 = 5*p + q - 2*q - 46. Suppose -y + 4 = 2*v, 5*v = -p*y + 4*y. What is l(y)?
-5
Let b(k) = -2*k**2 - 2*k + 1. Suppose 6 = -5*x + 16. Suppose g - x*j = -11, -3*j + 14 = -2*g - 4. Give b(g).
-11
Suppose -4*z = 5*a - 6*a + 14, 5*z - 5*a = -10. Let y = 4 + z. Let r(q) = -8 - 6*q + 7*q + 2*q**3 - 3*q**3. What is r(y)?
-8
Let c(z) be the first derivative of -z**2/2 + 6*z + 3. Calculate c(0).
6
Let w(u) = -1 + 0*u**2 + u**2 - 2*u**2 - 2*u. Suppose 5*p - 80 - 27 = 4*i, 2*p - 138 = 5*i. Let k be 91/i + (-2)/(-8). Determine w(k).
-4
Let t(v) = v**2 + 5*v + 4. Let z(x) = 0 - 2 + 1 + x. Let y(l) = t(l) - z(l). Give y(-5).
10
Let t(j) = -j**3 - j - 3. Let p(x) = -x**2 - 3*x + 4. Let c be p(-4). What is t(c)?
-3
Let u(r) be the second derivative of r**5/120 + r**4/12 + 7*r**3/6 + r. Let n(z) be the second derivative of u(z). Determine n(-6).
-4
Let m(u) = -u**3 + u**2 + 2*u + 3. Let g be m(0). Let c(j) = g*j - j**3 - 5*j**2 + 3*j**2 + 5*j**2 - 1. What is c(4)?
-5
Let f(d) = 99 + 22*d**3 - 100 + 0*d - 2*d. What is f(-1)?
-21
Suppose -2*h + 15 = -5*p + 2, 5*h = -2*p - 11. Let g(u) = -u - 2. Determine g(p).
1
Let z(v) = -28*v - 18*v - v**2 - 18*v + 63*v + 5. Let b(d) = d**3 - d**2. Let c(a) = a**2 - 4*a + 3. Let s be c(3). Let k be b(s). What is z(k)?
5
Let w be (2 + 4/(-2))/2. Suppose 4*r + 4 + 0 = w. Let z(x) = -x**2 - 2*x. Give z(r).
1
Let y(m) = m**3 - 3*m**2 - 2*m + 3. Suppose -32 = -4*z - 4*p, -3*z - 5 = -2*p - 4. Give y(z).
-3
Let m(w) = w - 44 + 80 - 41. Determine m(0).
-5
Let l be (-1)/18*12/(-80). Let w(f) be the third derivative of -1/24*f**4 + 0*f**5 - f**2 + 0*f + l*f**6 + 0 - 5/6*f**3. Give w(0).
-5
Let t(y) = y**2 - 7*y + 4. Let k be t(6). Let o(m) be the second derivative of -1/2*m**3 + 0 - 3/2*m**2 - 1/3*m**4 - 1/20*m**5 + 2*m. Calculate o(k).
-5
Let d(l) be the first derivative of -l**4/4 + l**3 + 2*l**2 - 3*l - 91. Let q be -1 + 2 - 6/(-2). What is d(q)?
-3
Let u(w) = -4*w**2 + w - 8. Suppose -5*i - 3 - 7 = 0. Let q be 5*18/15 + -3. Let n(t) = -3*t**2 + 2*t - 7. Let g(v) = i*u(v) + q*n(v). Determine g(5).
-10
Let b(v) = 3*v**2 - 4*v + 4. Let i(d) = 6*d**2 - 9*d + 9. Let r(s) = -13*b(s) + 6*i(s). Calculate r(2).
-14
Let w(i) = -2*i - i + 5 + 7 - 15. Give w(-2).
3
Let n(z) = 28*z**3 - 2*z**2 - 3. Let h(u) = -14*u**3 + u**2 + 1. Let q(y) = 5*h(y) + 2*n(y). Calculate q(-1).
14
Let r be ((-20)/16)/(1/(-4)). Let v(a) = a + 10. Let u(w) = 2*w + 15. Let m(c) = -5*u(c) + 8*v(c). What is m(r)?
-5
Suppose l - b = 4 + 4, 4*l - 5*b = 36. Let j(v) = -2*v + 4*v + l*v**2 + 2*v**3 - 4 + 0 - 3*v**3. What is j(4)?
4
Let u(v) be the first derivative of -v**3/3 - v**2/2 - 2*v + 2. Suppose 14 = 4*r - 2*g - 26, -2*r - 3*g = -20. Let c be 90/(-25) + 6/r. Calculate u(c).
-8
Let o(h) be the first derivative of -h**2 - h + 2. Suppose -2*r + 2*i = 14, 0 = -6*r + 3*r - 4*i + 14. Give o(r).
3
Let t be (0 - 2)/(4/10). Let d(o) = 17*o**2 - o + 3. Let z(b) = -26*b**2 + 2*b - 5. Let a(q) = t*z(q) - 8*d(q). What is a(1)?
-7
Let t(o) = 3*o. Let v(s) = s - 1. Let l(n) = t(n) - 4*v(n). Let j be l(5). Let x(b) = 12*b - 1. What is x(j)?
-13
Let x(l) = -l + 6. Let i(y) = -3*y + 58. Let z be i(17). What is x(z)?
-1
Let k(i) = -3*i + 0*i + 0*i - 3*i. Suppose -2*u = -u - 2. Suppose -h - u*h = 9, -15 = 3*j + 4*h. What is k(j)?
6
Let u(m) = 2*m**2 - 17*m - 11. Let w be u(9). Let i(j) = -3*j**3 - 3*j**2. Calculate i(w).
12
Let s(i) be the first derivative of 4*i**3/3 - i**2 - 2*i - 4. Let d be s(2). Let l = 4 - d. Let a(j) = -j**2 - 6*j - 1. Give a(l).
-1
Let p(w) = -9*w**2 + w - 1. Suppose 18 = -0*f + 3*f + 3*v, 3*v - 11 = 4*f. Give p(f).
-9
Let a(x) = -4*x - 7. Let p(m) = 11*m + 20. Let n(r) = 8*a(r) + 3*p(r). Let t = 4 + -3. Suppose 4*v + t = 17. What is n(v)?
8
Let a be (-3 + -2 + 4)*-1. Let u(s) = -2 - s - a - 2. Calculate u(-7).
2
Let y(q) = q**2 - 8*q + 5. Suppose 4*t - 17 = 11. Determine y(t).
-2
Let q(u) = -u - 2. Let v(g) be the first derivative of -g**3 - g**2/2 + 2*g - 3. Let d be v(2). Let w = d - -17. What is q(w)?
-7
Let u = 41 - 36. Let s(w) = -w**2 + 9*w + 3. What is s(u)?
23
Let x(m) = -m**2 - m + 5. Suppose 4*a = a - 18. Let i be (4/a)/(2/12). Determine x(i).
-7
Suppose -4*j = -j + 18. Let f = j + 1. Let z(w) = w + 10. Calculate z(f).
5
Let d(b) = -b**3 + 8*b**2 + 9*b + 1. Let c be d(9). Suppose -3*v + 8 = 2. Let u be 2*(c + (-3)/v). Let s(g) = -2*g**2 + g + 1. Give s(u).
-2
Let x be -2*1 + 2 + 2. Let c(n) = 2 + x*n**3 - 1 - 2 + 0. Calculate c(-1).
-3
Let a be (1 + 8)*(-4)/(-6). Let t(l) = 3 + l**2 + a*l - l**3 + 2*l**2 + l**2. Calculate t(5).
8
Suppose -6 = 15*y - 13*y. Let g(x) = 2*x + 2. Determine g(y).
-4
Let i(z) be the first derivative of -z**2/2 - 6. Let c be i(-6). Let r(h) = h + 8. Give r(c).
14
Let k(d) = d - 2. Let c(g) = g**2 - 6*g + 5. Let u be c(5). Suppose -2*z - 2*i = -4*z, -2*z - 5*i + 35 = u. Suppose -w + 5*w + 15 = m, -5 = z*m. Give k(w).
-6
Let o(x) be the second derivative of 13*x**5/20 - x**4/6 + x**3/6 + 6*x. What is o(1)?
12
Let h(i) be the first derivative of i**2/2 + 7*i - 3. What is h(0)?
7
Let y(p) be the second derivative of p**3/6 + p**2 + 27*p. Calculate y(6).
8
Let q be 2/3*(-12)/(-8). Let b = -3 - -3. Let c(v) = -3*v**2 + v**2 + v**2 + b*v**2 - v. Calculate c(q).
-2
Let x(k) be the third derivative of -k**4/24 - 4*k**3/3 + 25*k**2. Calculate x(-7).
-1
Let j(d) = 13 - 7*d - 12 - 2*d. Calculate j(2).
-17
Let f(p) = p**2 - 2*p - 2. Suppose 3 = -17*g + 18*g. Determine f(g).
1
Let f(v) = v**3 + 9*v**2 + 8*v + 8. Let r = 64 + -72. Give f(r).
8
Let t = -10 - -12. Let j(n) be the second derivative of 0 + 1/6*n**3 - n + 0*n**t. What is j(-4)?
-4
Let y be 44/10 - 8/20. Let f = 6 - y. Suppose 7*q - 25 = f*q. Let t(s) = s**3 - 4*s**2 - 3*s - 5. Determine t(q).
5
Let c(s) = s**3 - 10*s**2 - 11*s + 2. Let l be c(11). Let t(a) = -a**2 - 8*a - 5. Let p be t(-6). Let i(d) = 2*d + p*d - 8*d. Determine i(l).
2
Suppose -8 = -3*q - 35. Let p(g) = -g**2 - 10*g - 13. Let o be p(q). Let u(c) = -c**2 - 4*c + 3. What is u(o)?
3
Let l(w) = -3*w**3 + w**2 - 2*w + 1. Suppose 0 = 3*p - 56 - 1. Let v = p + -18. Give l(v).
-3
Let x(s) be the third derivative of s**6/120 - s**5/12 + s**4/4 - s**3/6 - 3*s**2. Give x(4).
7
Let y(x) = -x**3 - 2*x**2 + 2*x + 1. Suppose 5*u + k + 18 = -k, u - 2*k = 6. Give y(u).
-3
Let i(w) be the third derivative of w**4/24 - w**2. Let t be (4 + -2)*(-9)/(-6). Let f be 1 + (-4 + 2 - t). Determine i(f).
-4
Let u(k) = -k - 1. Let w be 18/4*6/9. Suppose 2*r = -w - 1. Give u(r).
1
Suppose -2*a + 5*i + 0*i = -9, 3*i = -3. Let z(s) = s**3 - 5 + 3 + 0*s**3 + s**a. Suppose -4 = -4*k + 4*w, 0 = -4*k + 6*k - 4*w. What is z(k)?
10
Suppose -6*q = -10*q. Let t(o) = o*